ime factors of d?
3
Suppose -8 + 2 = 3*c. Let d(x) = 13*x - 8. Let b(r) = 3*r - 2. Let z(f) = -9*b(f) + 2*d(f). What are the prime factors of z(c)?
2
Let x(y) = -24*y. Let n be x(-1). Suppose n = 2*b - 4. List the prime factors of b.
2, 7
Let q be (-6)/4 + 3/2. Suppose 2*l = 3*p - 38, q = 4*p + 2*l - 4*l - 52. What are the prime factors of p?
2, 7
Let s(p) = 5*p - 3. Let d(u) be the second derivative of -u**3 + 2*u**2 - 3*u. Let a(x) = 4*d(x) + 5*s(x). What are the prime factors of a(3)?
2
Let m(b) = 15*b**2 + 4*b + 3. Let r be m(-2). Let a = r - 37. Suppose 2*y + 0*y = 4*j - a, -y = -1. What are the prime factors of j?
5
Let u(p) be the third derivative of -p**4/3 + p**3/6 + 3*p**2. Let g = -1 + 0. What are the prime factors of u(g)?
3
Let p = 28 - 21. List the prime factors of p.
7
Let o = -14 - -21. What are the prime factors of o?
7
Let d(k) = 7*k + 1. Let y = 14 - 12. List the prime factors of d(y).
3, 5
Suppose -g = -3*g + 60. What are the prime factors of (-15)/2*(-24)/g?
2, 3
Let x be 2 - (-4)/((-6)/(-3)). Suppose -4*y = x*w - 66 - 26, w - 35 = -4*y. List the prime factors of w.
19
Let l be 4/14 - 2/7. Let h(m) = 16 - 7 + m + 2*m**2 - 3*m**2. List the prime factors of h(l).
3
Suppose -3*i - 4 - 10 = 5*c, 5*c = 2*i + 26. Let p = 18 - i. Suppose 3*u - p = 10. List the prime factors of u.
2, 3
Let j = 7 - 2. List the prime factors of (j - 2) + 4/2.
5
Suppose -4*m + 106 = -5*s - 73, 5*m - s = 229. List the prime factors of m.
2, 23
Let t = -15 + 25. What are the prime factors of t?
2, 5
Let l = -5 - -6. Let b be (2*l)/((-1)/2). List the prime factors of ((-1)/3)/(b/84).
7
Let x(w) = -w**3 + w**2 - 8. Let l be x(0). Let d be -1*(l/1 + -2). What are the prime factors of (-4)/d - 64/(-10)?
2, 3
Let y(j) = j**3 + 9*j**2 - 14*j - 6. What are the prime factors of y(-10)?
2, 17
Let r be (-1 - -2)*(1 + 1). Suppose r*d = -2, 19 = 3*j - 5*d - 34. What are the prime factors of j?
2
What are the prime factors of (-1004)/6*((-15)/6 + 1)?
251
Suppose 2*w + 0*w + 10 = -s, -s + 2 = 0. Let o = 9 + w. List the prime factors of o.
3
Let u(z) = -5*z - 1. Let g be u(1). Let w = g + 7. Let c = 15 - w. What are the prime factors of c?
2, 7
List the prime factors of ((0 - 1) + 0)*(-19 + 1).
2, 3
Suppose 5*b = 670 + 5. Let n = b - 92. Let m = -30 + n. What are the prime factors of m?
13
Let g(v) = 3*v - 6. Let h be g(4). List the prime factors of 17/2 + (-3)/h.
2
Let w be 3*((-15)/9 - -2). Suppose -w = 2*a - 37. Suppose 2*g + 6 - a = 0. List the prime factors of g.
2, 3
Let o(w) = -8*w**2 - 7*w - 3. Let c be o(-9). List the prime factors of 4/(-10) - c/20.
29
Suppose 0 = n + 24 - 138. What are the prime factors of n?
2, 3, 19
Let r(o) be the second derivative of -2*o**3/3 - o**2/2 + o. List the prime factors of r(-3).
11
Suppose x = -2*x - 2*p + 74, 3*p + 21 = x. What are the prime factors of x?
2, 3
What are the prime factors of -1 + 1 + 1 - 38592/(-134)?
17
Let p(b) be the third derivative of b**5/120 + b**4/6 - b**3/6 + 3*b**2. Let i(r) be the first derivative of p(r). List the prime factors of i(5).
3
Suppose -13*i - 7*i + 8260 = 0. What are the prime factors of i?
7, 59
Let x = 5 + -4. Let z(j) = -j**3 + j**2. Let y be z(x). Suppose k = 3, 0 = -5*s - y*k - k + 23. What are the prime factors of s?
2
Suppose 5*y - 2*p - 427 = 0, y + 4*p = 6*y - 419. What are the prime factors of y?
3, 29
Let l = 4 + -2. Suppose 62 = -4*v - l. Let r = 26 + v. What are the prime factors of r?
2, 5
Let n(j) = j**3 - 5*j**2 + 3. Let s be n(5). Suppose -17 - 7 = -s*b. List the prime factors of b.
2
Let t = -2 - -20. Let b = t - 54. List the prime factors of b/(-10) - (-4)/10.
2
Let d = -6 - -11. Suppose 5*k - d = -2*i + 2, 35 = 4*i + 3*k. Let g = i + -6. What are the prime factors of g?
5
Suppose 0 = -0*b + 3*b - 15. Suppose 0*q = -q + b. List the prime factors of q.
5
Suppose -6*o + 3*i = -2*o - 123, -5*o - i + 149 = 0. Suppose -44 = -3*y + 2*h, 2*y + 0*y - o = 2*h. What are the prime factors of y?
2, 7
Let u(j) = -25*j + 6. What are the prime factors of u(-8)?
2, 103
List the prime factors of (-2)/8 - 538/(-8).
67
Suppose 0 = 2*m - 3*m - 3, 0 = 4*j - 3*m - 261. List the prime factors of j.
3, 7
Suppose -k + 9 = 5*a, 2*k = 4 - 6. Let j(q) = -16 + 16 + a*q. List the prime factors of j(1).
2
Suppose -3*s - 3*o = -31 - 77, -4*s + 139 = -o. Let g = s + -10. What are the prime factors of g?
5
Let c(m) = -m - 2. What are the prime factors of c(-8)?
2, 3
Suppose 24 = -2*c + 180. Suppose 5*x - c = 112. List the prime factors of x.
2, 19
Let l be (44/(-12) + -1)*-3. Let i = -18 + 13. Let m = l - i. What are the prime factors of m?
19
Suppose 5*x - 15 + 55 = 0. Let p(s) = 7*s. Let d(g) = -3*g. Let a(n) = 5*d(n) + 2*p(n). What are the prime factors of a(x)?
2
Let a = -6 + 17. What are the prime factors of a?
11
Let b = 3 - 1. Let j be b/(-6) - (-32)/(-3). What are the prime factors of -3 + 1 - 1*j?
3
Suppose 3*u = t + 134, -u = 4*t - 0*t - 49. What are the prime factors of u?
3, 5
Let s = 19 + -17. What are the prime factors of s?
2
Suppose 18 = k + 5. List the prime factors of k.
13
Let j(t) = -t**3 + 7*t**2 - 4*t + 3. List the prime factors of j(6).
3, 5
Suppose 1897 = 5*v - 3*t, 5*t = v + 51 - 448. List the prime factors of v.
13, 29
Let j = 13 - 7. Let g(k) = k**2 - 8. List the prime factors of g(j).
2, 7
Suppose -30 = -4*q + q - 3*v, 4*q - 4*v = 0. Suppose q*j = 17 + 23. List the prime factors of j.
2
Let k = -56 - -83. What are the prime factors of k?
3
Suppose -4*b = -5*b. Suppose v - 1 = -z, b*z + 12 = -4*z. What are the prime factors of v?
2
Let v = 11 + -8. Let q(n) = n - 2. Let g be q(v). Suppose 0 = z + g - 15. What are the prime factors of z?
2, 7
Suppose -8 = -5*t + 47. Suppose 3*m - 4 = t. Suppose 3*f = m*f - 32. What are the prime factors of f?
2
Suppose 0 = -4*u + 2*y + 46 + 28, y + 75 = 4*u. What are the prime factors of u?
19
Let n(z) = 2*z**2 + 3*z - 4. Let g be n(-3). Suppose 105 = 5*o - g*b, 2*o = b - 1 + 47. What are the prime factors of o?
5
Suppose -5*v + 65 = -760. List the prime factors of v.
3, 5, 11
Suppose 5*h - 3*f + 8 = f, 0 = -4*h - 2*f + 4. Suppose -20 = -h*q + 4*q. What are the prime factors of 2*(35/(-2))/q?
7
Suppose -3*c + 4*f + 213 = f, -c + 2*f = -73. List the prime factors of c.
3, 23
Suppose -9*l = 175 - 2713. What are the prime factors of l?
2, 3, 47
Let q(t) = 2*t + 0*t**2 + t**2 + 3*t - 8. Let w be q(-7). Suppose -2*n = -5*z - 39, z - w = 3*z. List the prime factors of n.
2, 3
Let l(x) = x**2 - x - 2. Let j be l(8). Suppose 0 = -4*w, -a - a = -w - j. List the prime factors of a.
3
Suppose -2 = h - 11. Suppose 3*p + h + 0 = 0, -3*p + 27 = 3*a. What are the prime factors of a?
2, 3
Let t(i) = -2*i + 1. Let q be t(4). Let y = -36 + 38. What are the prime factors of (-13)/y*(5 + q)?
13
Let f be 5 + -3 - -1*58. Suppose 5*r - f = 2*c, 9*r - 4*r + 2*c - 80 = 0. What are the prime factors of r?
2, 7
What are the prime factors of (-87)/(-2) + (-9)/18?
43
Let h(y) = -y + 0*y**2 + 16 - y**2 - 1. What are the prime factors of h(0)?
3, 5
Let i(h) = -h - 3 + 2*h + 0*h. List the prime factors of i(10).
7
Let k = 84 + -126. Let m = -23 - k. What are the prime factors of m?
19
Let y = 510 - 258. Suppose 3*i = 5*u + 404, -i + u - y = -3*i. Suppose 5*w + 18 = i. List the prime factors of w.
2, 11
Suppose -s + q + 1 = 2, 5*q + 2 = -2*s. Let g = 1 - s. Suppose -g*u + 6 = u. List the prime factors of u.
2
Let r(m) be the first derivative of m**2/2 - m - 5. List the prime factors of r(8).
7
Let v(x) = 23*x**2 - x - 1. Let y be v(-1). Suppose 5*j - 42 = y. Let t = j + 0. What are the prime factors of t?
13
Suppose -130 = -5*g - 5*b, g = -3*g - 5*b + 106. What are the prime factors of g?
2, 3
Let t be ((-1 - 0) + 2)*2. Suppose 6*c - t*c - 20 = 0. List the prime factors of c.
5
Let r be -4 + (-3 - -4) - -5. Suppose -2*f - r*f + 2*h = -196, -f - 5*h = -38. What are the prime factors of f?
2, 3
Let s(n) = n**3 + 0*n**2 - 9*n + 8 - 4*n**2 - 3*n**2. Let i be s(8). Suppose 3*a + 5*k - 19 = i, -5*k = -4*a + 31 + 41. What are the prime factors of a?
13
Suppose -3*h = -h - 60. What are the prime factors of h?
2, 3, 5
Suppose -2*f = 2*f - 20. Suppose -f*w + 5*n + 205 = 0, -5*w - 2*n + 1 = -190. What are the prime factors of w?
3, 13
Let i be (-15)/(-6) - 1/(-2). Suppose 0 = i*o